{"id":2102,"date":"2020-10-27T10:22:34","date_gmt":"2020-10-27T09:22:34","guid":{"rendered":"https:\/\/lifedivaqua.com\/event\/la-naturaleza-frente-al-cambio\/"},"modified":"2022-12-01T20:58:22","modified_gmt":"2022-12-01T19:58:22","slug":"la-naturaleza-frente-al-cambio","status":"publish","type":"tribe_events","link":"https:\/\/lifedivaqua.com\/en\/event\/la-naturaleza-frente-al-cambio\/","title":{"rendered":"La naturaleza frente al cambio"},"content":{"rendered":"<h1><a href=\"https:\/\/forms.gle\/7LD42JGGb3BMt1bS9\"><strong>\u00a1INSCR\u00cdBETE PINCHANDO AQU\u00cd!<\/strong><\/a><\/h1>\n","protected":false},"excerpt":{"rendered":"<p>\u00a1INSCR\u00cdBETE PINCHANDO AQU\u00cd!<\/p>\n","protected":false},"author":1,"featured_media":775,"template":"","meta":{"_tribe_events_status":"","_tribe_events_status_reason":"","footnotes":""},"tags":[],"tribe_events_cat":[],"class_list":["post-2102","tribe_events","type-tribe_events","status-publish","has-post-thumbnail","hentry"],"yoast_head":"<!-- This site is optimized with the Yoast SEO plugin v27.4 - https:\/\/yoast.com\/product\/yoast-seo-wordpress\/ -->\n<title>La naturaleza frente al cambio - Mejorando la Diversidad Acuatica en Picos de Europa<\/title>\n<meta name=\"robots\" content=\"index, follow, max-snippet:-1, max-image-preview:large, max-video-preview:-1\" \/>\n<link rel=\"canonical\" href=\"https:\/\/lifedivaqua.com\/en\/event\/la-naturaleza-frente-al-cambio\/\" \/>\n<meta property=\"og:locale\" content=\"en_US\" \/>\n<meta property=\"og:type\" content=\"article\" \/>\n<meta property=\"og:title\" content=\"La naturaleza frente al cambio - Mejorando la Diversidad Acuatica en Picos de Europa\" \/>\n<meta property=\"og:description\" content=\"\u00a1INSCR\u00cdBETE PINCHANDO AQU\u00cd!\" \/>\n<meta property=\"og:url\" content=\"https:\/\/lifedivaqua.com\/en\/event\/la-naturaleza-frente-al-cambio\/\" \/>\n<meta property=\"og:site_name\" content=\"Mejorando la Diversidad Acuatica en Picos de Europa\" \/>\n<meta property=\"article:modified_time\" content=\"2022-12-01T19:58:22+00:00\" \/>\n<meta property=\"og:image\" content=\"https:\/\/lifedivaqua.com\/wp-content\/uploads\/2020\/11\/programa_NFC_web2-scaled.jpg\" \/>\n\t<meta property=\"og:image:width\" content=\"2560\" \/>\n\t<meta property=\"og:image:height\" content=\"1810\" \/>\n\t<meta property=\"og:image:type\" content=\"image\/jpeg\" \/>\n<meta name=\"twitter:card\" content=\"summary_large_image\" \/>\n<script type=\"application\/ld+json\" class=\"yoast-schema-graph\">{\"@context\":\"https:\\\/\\\/schema.org\",\"@graph\":[{\"@type\":\"WebPage\",\"@id\":\"https:\\\/\\\/lifedivaqua.com\\\/en\\\/event\\\/la-naturaleza-frente-al-cambio\\\/\",\"url\":\"https:\\\/\\\/lifedivaqua.com\\\/en\\\/event\\\/la-naturaleza-frente-al-cambio\\\/\",\"name\":\"La naturaleza frente al cambio - Mejorando la Diversidad Acuatica en Picos de Europa\",\"isPartOf\":{\"@id\":\"https:\\\/\\\/lifedivaqua.com\\\/#website\"},\"primaryImageOfPage\":{\"@id\":\"https:\\\/\\\/lifedivaqua.com\\\/en\\\/event\\\/la-naturaleza-frente-al-cambio\\\/#primaryimage\"},\"image\":{\"@id\":\"https:\\\/\\\/lifedivaqua.com\\\/en\\\/event\\\/la-naturaleza-frente-al-cambio\\\/#primaryimage\"},\"thumbnailUrl\":\"https:\\\/\\\/lifedivaqua.com\\\/wp-content\\\/uploads\\\/2020\\\/11\\\/programa_NFC_web2-scaled.jpg\",\"datePublished\":\"2020-10-27T09:22:34+00:00\",\"dateModified\":\"2022-12-01T19:58:22+00:00\",\"breadcrumb\":{\"@id\":\"https:\\\/\\\/lifedivaqua.com\\\/en\\\/event\\\/la-naturaleza-frente-al-cambio\\\/#breadcrumb\"},\"inLanguage\":\"en-US\",\"potentialAction\":[{\"@type\":\"ReadAction\",\"target\":[\"https:\\\/\\\/lifedivaqua.com\\\/en\\\/event\\\/la-naturaleza-frente-al-cambio\\\/\"]}]},{\"@type\":\"ImageObject\",\"inLanguage\":\"en-US\",\"@id\":\"https:\\\/\\\/lifedivaqua.com\\\/en\\\/event\\\/la-naturaleza-frente-al-cambio\\\/#primaryimage\",\"url\":\"https:\\\/\\\/lifedivaqua.com\\\/wp-content\\\/uploads\\\/2020\\\/11\\\/programa_NFC_web2-scaled.jpg\",\"contentUrl\":\"https:\\\/\\\/lifedivaqua.com\\\/wp-content\\\/uploads\\\/2020\\\/11\\\/programa_NFC_web2-scaled.jpg\",\"width\":2560,\"height\":1810,\"caption\":\"Jornada sobre los efectos del cambio clim\u00e1tico en la actividad socioecon\u00f3mica y los ecosistemas acu\u00e1ticos de Picos de Europa. Mi\u00e9rcoles 18 de noviembre del 2020 de 18:00h a 20:00h.\"},{\"@type\":\"BreadcrumbList\",\"@id\":\"https:\\\/\\\/lifedivaqua.com\\\/en\\\/event\\\/la-naturaleza-frente-al-cambio\\\/#breadcrumb\",\"itemListElement\":[{\"@type\":\"ListItem\",\"position\":1,\"name\":\"Home\",\"item\":\"https:\\\/\\\/lifedivaqua.com\\\/en\\\/\"},{\"@type\":\"ListItem\",\"position\":2,\"name\":\"Eventos\",\"item\":\"https:\\\/\\\/lifedivaqua.com\\\/events\\\/\"},{\"@type\":\"ListItem\",\"position\":3,\"name\":\"La naturaleza frente al cambio\"}]},{\"@type\":\"WebSite\",\"@id\":\"https:\\\/\\\/lifedivaqua.com\\\/#website\",\"url\":\"https:\\\/\\\/lifedivaqua.com\\\/\",\"name\":\"Mejorando la Diversidad Acuatica en Picos de Europa\",\"description\":\"DIVAQUA\",\"potentialAction\":[{\"@type\":\"SearchAction\",\"target\":{\"@type\":\"EntryPoint\",\"urlTemplate\":\"https:\\\/\\\/lifedivaqua.com\\\/?s={search_term_string}\"},\"query-input\":{\"@type\":\"PropertyValueSpecification\",\"valueRequired\":true,\"valueName\":\"search_term_string\"}}],\"inLanguage\":\"en-US\"}]}<\/script>\n<!-- \/ Yoast SEO plugin. -->","yoast_head_json":{"title":"La naturaleza frente al cambio - Mejorando la Diversidad Acuatica en Picos de Europa","robots":{"index":"index","follow":"follow","max-snippet":"max-snippet:-1","max-image-preview":"max-image-preview:large","max-video-preview":"max-video-preview:-1"},"canonical":"https:\/\/lifedivaqua.com\/en\/event\/la-naturaleza-frente-al-cambio\/","og_locale":"en_US","og_type":"article","og_title":"La naturaleza frente al cambio - Mejorando la Diversidad Acuatica en Picos de Europa","og_description":"\u00a1INSCR\u00cdBETE PINCHANDO AQU\u00cd!","og_url":"https:\/\/lifedivaqua.com\/en\/event\/la-naturaleza-frente-al-cambio\/","og_site_name":"Mejorando la Diversidad Acuatica en Picos de Europa","article_modified_time":"2022-12-01T19:58:22+00:00","og_image":[{"width":2560,"height":1810,"url":"https:\/\/lifedivaqua.com\/wp-content\/uploads\/2020\/11\/programa_NFC_web2-scaled.jpg","type":"image\/jpeg"}],"twitter_card":"summary_large_image","schema":{"@context":"https:\/\/schema.org","@graph":[{"@type":"WebPage","@id":"https:\/\/lifedivaqua.com\/en\/event\/la-naturaleza-frente-al-cambio\/","url":"https:\/\/lifedivaqua.com\/en\/event\/la-naturaleza-frente-al-cambio\/","name":"La naturaleza frente al cambio - Mejorando la Diversidad Acuatica en Picos de Europa","isPartOf":{"@id":"https:\/\/lifedivaqua.com\/#website"},"primaryImageOfPage":{"@id":"https:\/\/lifedivaqua.com\/en\/event\/la-naturaleza-frente-al-cambio\/#primaryimage"},"image":{"@id":"https:\/\/lifedivaqua.com\/en\/event\/la-naturaleza-frente-al-cambio\/#primaryimage"},"thumbnailUrl":"https:\/\/lifedivaqua.com\/wp-content\/uploads\/2020\/11\/programa_NFC_web2-scaled.jpg","datePublished":"2020-10-27T09:22:34+00:00","dateModified":"2022-12-01T19:58:22+00:00","breadcrumb":{"@id":"https:\/\/lifedivaqua.com\/en\/event\/la-naturaleza-frente-al-cambio\/#breadcrumb"},"inLanguage":"en-US","potentialAction":[{"@type":"ReadAction","target":["https:\/\/lifedivaqua.com\/en\/event\/la-naturaleza-frente-al-cambio\/"]}]},{"@type":"ImageObject","inLanguage":"en-US","@id":"https:\/\/lifedivaqua.com\/en\/event\/la-naturaleza-frente-al-cambio\/#primaryimage","url":"https:\/\/lifedivaqua.com\/wp-content\/uploads\/2020\/11\/programa_NFC_web2-scaled.jpg","contentUrl":"https:\/\/lifedivaqua.com\/wp-content\/uploads\/2020\/11\/programa_NFC_web2-scaled.jpg","width":2560,"height":1810,"caption":"Jornada sobre los efectos del cambio clim\u00e1tico en la actividad socioecon\u00f3mica y los ecosistemas acu\u00e1ticos de Picos de Europa. Mi\u00e9rcoles 18 de noviembre del 2020 de 18:00h a 20:00h."},{"@type":"BreadcrumbList","@id":"https:\/\/lifedivaqua.com\/en\/event\/la-naturaleza-frente-al-cambio\/#breadcrumb","itemListElement":[{"@type":"ListItem","position":1,"name":"Home","item":"https:\/\/lifedivaqua.com\/en\/"},{"@type":"ListItem","position":2,"name":"Eventos","item":"https:\/\/lifedivaqua.com\/events\/"},{"@type":"ListItem","position":3,"name":"La naturaleza frente al cambio"}]},{"@type":"WebSite","@id":"https:\/\/lifedivaqua.com\/#website","url":"https:\/\/lifedivaqua.com\/","name":"Mejorando la Diversidad Acuatica en Picos de Europa","description":"DIVAQUA","potentialAction":[{"@type":"SearchAction","target":{"@type":"EntryPoint","urlTemplate":"https:\/\/lifedivaqua.com\/?s={search_term_string}"},"query-input":{"@type":"PropertyValueSpecification","valueRequired":true,"valueName":"search_term_string"}}],"inLanguage":"en-US"}]}},"_links":{"self":[{"href":"https:\/\/lifedivaqua.com\/en\/wp-json\/wp\/v2\/tribe_events\/2102","targetHints":{"allow":["GET"]}}],"collection":[{"href":"https:\/\/lifedivaqua.com\/en\/wp-json\/wp\/v2\/tribe_events"}],"about":[{"href":"https:\/\/lifedivaqua.com\/en\/wp-json\/wp\/v2\/types\/tribe_events"}],"author":[{"embeddable":true,"href":"https:\/\/lifedivaqua.com\/en\/wp-json\/wp\/v2\/users\/1"}],"version-history":[{"count":1,"href":"https:\/\/lifedivaqua.com\/en\/wp-json\/wp\/v2\/tribe_events\/2102\/revisions"}],"predecessor-version":[{"id":2103,"href":"https:\/\/lifedivaqua.com\/en\/wp-json\/wp\/v2\/tribe_events\/2102\/revisions\/2103"}],"wp:featuredmedia":[{"embeddable":true,"href":"https:\/\/lifedivaqua.com\/en\/wp-json\/wp\/v2\/media\/775"}],"wp:attachment":[{"href":"https:\/\/lifedivaqua.com\/en\/wp-json\/wp\/v2\/media?parent=2102"}],"wp:term":[{"taxonomy":"post_tag","embeddable":true,"href":"https:\/\/lifedivaqua.com\/en\/wp-json\/wp\/v2\/tags?post=2102"},{"taxonomy":"tribe_events_cat","embeddable":true,"href":"https:\/\/lifedivaqua.com\/en\/wp-json\/wp\/v2\/tribe_events_cat?post=2102"}],"curies":[{"name":"wp","href":"https:\/\/api.w.org\/{rel}","templated":true}]}}

<h1><a href="https://forms.gle/7LD42JGGb3BMt1bS9"><strong>¡INSCRÍBETE PINCHANDO AQUÍ!</strong></a></h1>

<p>¡INSCRÍBETE PINCHANDO AQUÍ!</p>

<!-- This site is optimized with the Yoast SEO plugin v27.4 - https://yoast.com/product/yoast-seo-wordpress/ -->
<title>La naturaleza frente al cambio - Mejorando la Diversidad Acuatica en Picos de Europa</title>
<meta name="robots" content="index, follow, max-snippet:-1, max-image-preview:large, max-video-preview:-1" />
<link rel="canonical" href="https://lifedivaqua.com/en/event/la-naturaleza-frente-al-cambio/" />
<meta property="og:locale" content="en_US" />
<meta property="og:type" content="article" />
<meta property="og:title" content="La naturaleza frente al cambio - Mejorando la Diversidad Acuatica en Picos de Europa" />
<meta property="og:description" content="¡INSCRÍBETE PINCHANDO AQUÍ!" />
<meta property="og:url" content="https://lifedivaqua.com/en/event/la-naturaleza-frente-al-cambio/" />
<meta property="og:site_name" content="Mejorando la Diversidad Acuatica en Picos de Europa" />
<meta property="article:modified_time" content="2022-12-01T19:58:22+00:00" />
<meta property="og:image" content="https://lifedivaqua.com/wp-content/uploads/2020/11/programa_NFC_web2-scaled.jpg" />
	<meta property="og:image:width" content="2560" />
	<meta property="og:image:height" content="1810" />
	<meta property="og:image:type" content="image/jpeg" />
<meta name="twitter:card" content="summary_large_image" />
<script type="application/ld+json" class="yoast-schema-graph">{"@context":"https:\/\/schema.org","@graph":[{"@type":"WebPage","@id":"https:\/\/lifedivaqua.com\/en\/event\/la-naturaleza-frente-al-cambio\/","url":"https:\/\/lifedivaqua.com\/en\/event\/la-naturaleza-frente-al-cambio\/","name":"La naturaleza frente al cambio - Mejorando la Diversidad Acuatica en Picos de Europa","isPartOf":{"@id":"https:\/\/lifedivaqua.com\/#website"},"primaryImageOfPage":{"@id":"https:\/\/lifedivaqua.com\/en\/event\/la-naturaleza-frente-al-cambio\/#primaryimage"},"image":{"@id":"https:\/\/lifedivaqua.com\/en\/event\/la-naturaleza-frente-al-cambio\/#primaryimage"},"thumbnailUrl":"https:\/\/lifedivaqua.com\/wp-content\/uploads\/2020\/11\/programa_NFC_web2-scaled.jpg","datePublished":"2020-10-27T09:22:34+00:00","dateModified":"2022-12-01T19:58:22+00:00","breadcrumb":{"@id":"https:\/\/lifedivaqua.com\/en\/event\/la-naturaleza-frente-al-cambio\/#breadcrumb"},"inLanguage":"en-US","potentialAction":[{"@type":"ReadAction","target":["https:\/\/lifedivaqua.com\/en\/event\/la-naturaleza-frente-al-cambio\/"]}]},{"@type":"ImageObject","inLanguage":"en-US","@id":"https:\/\/lifedivaqua.com\/en\/event\/la-naturaleza-frente-al-cambio\/#primaryimage","url":"https:\/\/lifedivaqua.com\/wp-content\/uploads\/2020\/11\/programa_NFC_web2-scaled.jpg","contentUrl":"https:\/\/lifedivaqua.com\/wp-content\/uploads\/2020\/11\/programa_NFC_web2-scaled.jpg","width":2560,"height":1810,"caption":"Jornada sobre los efectos del cambio climático en la actividad socioeconómica y los ecosistemas acuáticos de Picos de Europa. Miércoles 18 de noviembre del 2020 de 18:00h a 20:00h."},{"@type":"BreadcrumbList","@id":"https:\/\/lifedivaqua.com\/en\/event\/la-naturaleza-frente-al-cambio\/#breadcrumb","itemListElement":[{"@type":"ListItem","position":1,"name":"Home","item":"https:\/\/lifedivaqua.com\/en\/"},{"@type":"ListItem","position":2,"name":"Eventos","item":"https:\/\/lifedivaqua.com\/events\/"},{"@type":"ListItem","position":3,"name":"La naturaleza frente al cambio"}]},{"@type":"WebSite","@id":"https:\/\/lifedivaqua.com\/#website","url":"https:\/\/lifedivaqua.com\/","name":"Mejorando la Diversidad Acuatica en Picos de Europa","description":"DIVAQUA","potentialAction":[{"@type":"SearchAction","target":{"@type":"EntryPoint","urlTemplate":"https:\/\/lifedivaqua.com\/?s={search_term_string}"},"query-input":{"@type":"PropertyValueSpecification","valueRequired":true,"valueName":"search_term_string"}}],"inLanguage":"en-US"}]}</script>
<!-- / Yoast SEO plugin. -->

¡INSCRÍBETE PINCHANDO AQUÍ!

Jornada sobre los efectos del cambio climático en la actividad socioeconómica y los ecosistemas acuáticos de Picos de Europa. Miércoles 18 de noviembre del 2020 de 18:00h a 20:00h.
